{"id":23719,"date":"2023-04-21T07:44:46","date_gmt":"2023-04-21T07:44:46","guid":{"rendered":"https:\/\/www.cjf.lu\/?page_id=23719"},"modified":"2023-04-21T07:44:46","modified_gmt":"2023-04-21T07:44:46","slug":"politique-de-confidentialite","status":"publish","type":"page","link":"https:\/\/www.cjf.lu\/?page_id=23719","title":{"rendered":"Politique de confidentialit\u00e9"},"content":{"rendered":"\n<h2 class=\"wp-block-heading\"><strong>Notice d\u2019information sur le traitement de donn\u00e9es personnelles<\/strong><br><strong>Gestion du site internet par Caritas Jeunes et Familles asbl<\/strong><\/h2>\n\n\n\n<p><\/p>\n\n\n\n<p>Le traitement de donn\u00e9es \u00e0 caract\u00e8re personnel vis\u00e9 par la pr\u00e9sente notice d\u2019information a pour objet&nbsp;la&nbsp;gestion du site internet par Caritas Jeunes et Familles asbl qui agit en qualit\u00e9 responsable du traitement.<\/p>\n\n\n\n<h2 class=\"wp-block-heading\"><strong>Finalit\u00e9s du traitement\u00a0<\/strong><\/h2>\n\n\n\n<ul class=\"wp-block-list\">\n<li>Gestion du fonctionnement et de la s\u00e9curit\u00e9 du site internet avec journalisation des \u00e9v\u00e8nements&nbsp;<\/li>\n\n\n\n<li>Gestion des formulaires de contact&nbsp;<\/li>\n\n\n\n<li>Gestion du contenu du site internet (publications)<\/li>\n\n\n\n<li>Administration technique en lien avec les prestataires (tierce maintenance applicative, h\u00e9bergement, registraire de noms de domaine, autorit\u00e9 de certification)&nbsp;<\/li>\n\n\n\n<li>Statistiques d\u2019audience et d\u2019utilisation<\/li>\n<\/ul>\n\n\n\n<p>La base l\u00e9gale du traitement est l\u2019article 6 (1) (e) du R\u00e8glement g\u00e9n\u00e9ral sur la protection des donn\u00e9es (RGPD).<\/p>\n\n\n\n<h2 class=\"wp-block-heading\"><strong>Cat\u00e9gories de donn\u00e9es trait\u00e9es<\/strong><\/h2>\n\n\n\n<ul class=\"wp-block-list\">\n<li>Donn\u00e9es concernant la navigation des usagers sur le site internet (adresses IP, donn\u00e9es techniques relatives \u00e0 l\u2019\u00e9quipement et au navigateur utilis\u00e9s (cookies\/ traceurs), horodatage)&nbsp;<\/li>\n\n\n\n<li>Donn\u00e9es relatives \u00e0 la gestion des prises de contacts (objet et date de la demande, suivi, r\u00e9ponses apport\u00e9es)&nbsp;<\/li>\n\n\n\n<li>Donn\u00e9es relatives aux publications sur le site internet&nbsp;<\/li>\n\n\n\n<li>Donn\u00e9es relatives \u00e0 la gestion des prestations techniques (objet et date des demandes, suivi, statistiques)&nbsp;<\/li>\n\n\n\n<li>Statistiques&nbsp;d\u2019audience et d\u2019utilisation du site internet<\/li>\n<\/ul>\n\n\n\n<h2 class=\"wp-block-heading\"><strong>Source des donn\u00e9es<\/strong><\/h2>\n\n\n\n<ul class=\"wp-block-list\">\n<li>Usagers du site Internet&nbsp;<\/li>\n\n\n\n<li>Personnel de Caritas Jeunes et Familles asbl en charge du contenu, du traitement des demandes re\u00e7ues via les formulaires de contact et de l\u2019administration technique (y compris de la s\u00e9curit\u00e9) du site internet&nbsp;<\/li>\n\n\n\n<li>Contributeurs aux publications&nbsp;<\/li>\n\n\n\n<li>Personnel des prestataires de services autoris\u00e9s<\/li>\n<\/ul>\n\n\n\n<h2 class=\"wp-block-heading\"><strong>Caract\u00e8re obligatoire du recueil des donn\u00e9es et cons\u00e9quences en cas de non-fourniture des donn\u00e9es<\/strong><\/h2>\n\n\n\n<p>Les usagers peuvent refuser la collecte de donn\u00e9es via les cookies et traceurs non essentiels\/fonctionnels via le param\u00e9trage du bandeau cookies.<\/p>\n\n\n\n<p>Les donn\u00e9es collect\u00e9es pour la r\u00e9alisation des autres finalit\u00e9s sont recueillies de fa\u00e7on obligatoire, sauf mention contraire dans le formulaire concern\u00e9.<\/p>\n\n\n\n<h2 class=\"wp-block-heading\"><strong>Liens vers des sites internet tiers<\/strong><\/h2>\n\n\n\n<p>Ce site Internet contient des liens vers des sites internet tiers dont le contenu est ind\u00e9pendant du contr\u00f4le de l\u2019\u00e9diteur du pr\u00e9sent site. Pour cette raison, l\u2019\u00e9diteur de ce site ne peut fournir aucune garantie concernant de tels contenus de sites internet tiers, dont la responsabilit\u00e9 incombe aux tiers concern\u00e9s.<\/p>\n\n\n\n<h2 class=\"wp-block-heading\"><strong>Prise de d\u00e9cision automatis\u00e9e<\/strong><\/h2>\n\n\n\n<p>Le traitement ne pr\u00e9voit pas de prise de d\u00e9cision automatis\u00e9e.<\/p>\n\n\n\n<h2 class=\"wp-block-heading\"><strong>Personnes concern\u00e9es<\/strong><\/h2>\n\n\n\n<ul class=\"wp-block-list\">\n<li>Usagers du site Internet&nbsp;<\/li>\n\n\n\n<li>Personnel de Caritas Jeunes et Familles asbl en charge du contenu, du traitement des demandes re\u00e7ues via les formulaires de contact et de l\u2019administration technique (y compris de la s\u00e9curit\u00e9) du site internet&nbsp;<\/li>\n\n\n\n<li>Contributeurs aux publications&nbsp;<\/li>\n\n\n\n<li>Personnel des prestataires de services concern\u00e9s<\/li>\n<\/ul>\n\n\n\n<h2 class=\"wp-block-heading\"><strong>Cat\u00e9gories de destinataires<\/strong><\/h2>\n\n\n\n<p>En fonction de leurs besoins respectifs, sont destinataires de tout ou partie des donn\u00e9es :<\/p>\n\n\n\n<ul class=\"wp-block-list\">\n<li>Personnel de Caritas Jeunes et Familles asbl en charge du contenu, du traitement des demandes re\u00e7ues via les formulaires de contact et de l\u2019administration technique (y compris de la s\u00e9curit\u00e9) du site internet&nbsp;<\/li>\n\n\n\n<li>Usagers du site Internet dans le cadre des r\u00e9ponses aux demandes effectu\u00e9es via les formulaires de contact<\/li>\n\n\n\n<li>Personnel des prestataires de services autoris\u00e9s<\/li>\n<\/ul>\n\n\n\n<h2 class=\"wp-block-heading\"><strong><strong>Transferts des donn\u00e9es hors UE<\/strong><\/strong><\/h2>\n\n\n\n<p>Les publications sur le site internet sont accessibles hors de l\u2019Union europ\u00e9enne.<\/p>\n\n\n\n<h2 class=\"wp-block-heading\"><strong><strong><strong>Dur\u00e9es de conservation<\/strong><\/strong><\/strong><\/h2>\n\n\n\n<ul class=\"wp-block-list\">\n<li>Donn\u00e9es collect\u00e9es via les&nbsp;formulaires de contact&nbsp;: 5 ans \u00e0 partir de leur r\u00e9ception, sauf si les donn\u00e9es font l\u2019objet d\u2019un autre traitement suite \u00e0 la demande formul\u00e9e<\/li>\n\n\n\n<li>Donn\u00e9es des journaux (logs)&nbsp;: 6 mois<\/li>\n\n\n\n<li>Donn\u00e9es relatives aux cookies et traceurs\u00a0:\n<ul class=\"wp-block-list\">\n<li>Dur\u00e9e de vie&nbsp;: 365 jours (conform\u00e9ment \u00e0 l\u2019information donn\u00e9e sur&nbsp;<a href=\"https:\/\/www.cnil.fr\/fr\/donnees-personnelles\" target=\"_blank\" rel=\"noreferrer noopener\">https:\/\/www.cnil.fr\/donnees-personnelles<\/a>&nbsp;)<\/li>\n\n\n\n<li>Dur\u00e9e de conservation&nbsp;: 365 jours (conform\u00e9ment \u00e0 l\u2019information donn\u00e9e sur&nbsp;<a href=\"https:\/\/www.cnil.fr\/fr\/donnees-personnelles\" target=\"_blank\" rel=\"noreferrer noopener\">https:\/\/www.cnil.fr\/donnees-personnelles<\/a>&nbsp;)<\/li>\n<\/ul>\n<\/li>\n\n\n\n<li>Donn\u00e9es concernant le contenu du site internet : dur\u00e9e de la publication<\/li>\n<\/ul>\n\n\n\n<h2 class=\"wp-block-heading\"><strong><strong><strong><strong>Droits de protection des donn\u00e9es<\/strong><\/strong><\/strong><\/strong><\/h2>\n\n\n\n<p>Chaque personne concern\u00e9e dispose de droits en mati\u00e8re de protection des donn\u00e9es&nbsp;: droits d\u2019acc\u00e8s, d\u2019obtenir copie et de rectification de ses donn\u00e9es, droit d\u2019opposition au traitement et droit \u00e0 la limitation du traitement de donn\u00e9es dans les conditions d\u00e9finies par le RGPD.<\/p>\n\n\n\n<p>Pour toute question ou r\u00e9clamation concernant le traitement de vos donn\u00e9es, vous pouvez vous adresser \u00e0 Caritas Jeunes et Familles asbl (<a href=\"mailto:gdpr@cjf.lu\"><strong>gdpr@cjf.lu<\/strong><\/a>) ou \u00e0 son d\u00e9l\u00e9gu\u00e9 \u00e0 la protection des donn\u00e9es (DPO) (<a href=\"mailto:dpo@cjf.lu\"><strong>dpo@cjf.lu<\/strong><\/a>). Vous pouvez \u00e9galement envoyer votre demande au DPO par courrier postal \u00e0 l\u2019adresse du si\u00e8ge social de Caritas Jeunes et Familles asbl indiqu\u00e9 sur le site internet.<\/p>\n\n\n\n<h2 class=\"wp-block-heading\"><strong><strong><strong><strong><strong>R\u00e9clamation\u00a0<\/strong><\/strong><\/strong><\/strong><\/strong><\/h2>\n\n\n\n<p>Si vous estimez, apr\u00e8s nous avoir pr\u00e9alablement contact\u00e9s, que vos droits sur vos donn\u00e9es ne sont pas respect\u00e9s, vous pouvez\u00a0vous adresser \u00e0 la CNPD (www.cnpd.lu).<\/p>\n\n\n\n<h2 class=\"wp-block-heading\"><\/h2>\n","protected":false},"excerpt":{"rendered":"<p>Notice d\u2019information sur le traitement de donn\u00e9es personnellesGestion du site internet par Caritas Jeunes et Familles asbl Le traitement de donn\u00e9es \u00e0 caract\u00e8re personnel vis\u00e9 par la pr\u00e9sente notice d\u2019information a pour objet&nbsp;la&nbsp;gestion du site internet par Caritas Jeunes et Familles asbl qui agit en qualit\u00e9 responsable du traitement. Finalit\u00e9s du traitement\u00a0 La base l\u00e9gale&#8230;<\/p>\n","protected":false},"author":3,"featured_media":0,"parent":0,"menu_order":0,"comment_status":"closed","ping_status":"open","template":"","meta":{"_monsterinsights_skip_tracking":false,"_monsterinsights_sitenote_active":false,"_monsterinsights_sitenote_note":"","_monsterinsights_sitenote_category":0,"footnotes":""},"class_list":["post-23719","page","type-page","status-publish","hentry"],"_links":{"self":[{"href":"https:\/\/www.cjf.lu\/index.php?rest_route=\/wp\/v2\/pages\/23719","targetHints":{"allow":["GET"]}}],"collection":[{"href":"https:\/\/www.cjf.lu\/index.php?rest_route=\/wp\/v2\/pages"}],"about":[{"href":"https:\/\/www.cjf.lu\/index.php?rest_route=\/wp\/v2\/types\/page"}],"author":[{"embeddable":true,"href":"https:\/\/www.cjf.lu\/index.php?rest_route=\/wp\/v2\/users\/3"}],"replies":[{"embeddable":true,"href":"https:\/\/www.cjf.lu\/index.php?rest_route=%2Fwp%2Fv2%2Fcomments&post=23719"}],"version-history":[{"count":4,"href":"https:\/\/www.cjf.lu\/index.php?rest_route=\/wp\/v2\/pages\/23719\/revisions"}],"predecessor-version":[{"id":23723,"href":"https:\/\/www.cjf.lu\/index.php?rest_route=\/wp\/v2\/pages\/23719\/revisions\/23723"}],"wp:attachment":[{"href":"https:\/\/www.cjf.lu\/index.php?rest_route=%2Fwp%2Fv2%2Fmedia&parent=23719"}],"curies":[{"name":"wp","href":"https:\/\/api.w.org\/{rel}","templated":true}]}}